tors of 1694833?
7, 242119
What are the prime factors of 27153780?
2, 3, 5, 47, 9629
What are the prime factors of 7707617?
113, 68209
List the prime factors of 3197342.
2, 239, 6689
What are the prime factors of 31251839?
31251839
What are the prime factors of 10241847?
3, 7, 11, 14779
What are the prime factors of 607579?
7, 29, 41, 73
What are the prime factors of 6293715?
3, 5, 241, 1741
What are the prime factors of 881462?
2, 440731
List the prime factors of 4990005.
3, 5, 37
List the prime factors of 286838.
2, 143419
List the prime factors of 807877.
7, 131, 881
What are the prime factors of 553454?
2, 11, 2287
List the prime factors of 15383628.
2, 3, 13, 10957
List the prime factors of 7872899.
239, 32941
List the prime factors of 10469029.
29, 361001
What are the prime factors of 1270290?
2, 3, 5, 7, 23, 263
List the prime factors of 825392.
2, 79, 653
What are the prime factors of 11835032?
2, 11, 134489
What are the prime factors of 2878698?
2, 3, 479783
What are the prime factors of 2194829?
7, 13, 89, 271
What are the prime factors of 1442061?
3, 163, 983
What are the prime factors of 180868?
2, 103, 439
List the prime factors of 18453134.
2, 7, 233, 5657
List the prime factors of 515011.
7, 29, 43, 59
List the prime factors of 87684.
2, 3, 7307
List the prime factors of 114138.
2, 3, 17, 373
What are the prime factors of 3800148?
2, 3, 11, 28789
List the prime factors of 3526882.
2, 193, 9137
List the prime factors of 212383.
212383
What are the prime factors of 1573169?
13, 121013
List the prime factors of 200093.
73, 2741
What are the prime factors of 1674807?
3, 43, 12983
What are the prime factors of 1311134?
2, 11, 61, 977
List the prime factors of 858539.
11, 78049
What are the prime factors of 6898127?
41, 168247
What are the prime factors of 3968639?
347, 11437
What are the prime factors of 3159545?
5, 149, 4241
List the prime factors of 379446.
2, 3, 63241
What are the prime factors of 378965?
5, 75793
List the prime factors of 6799281.
3, 2266427
List the prime factors of 13928605.
5, 2785721
What are the prime factors of 561308?
2, 11, 12757
What are the prime factors of 4666292?
2, 37, 41, 769
What are the prime factors of 306974?
2, 153487
List the prime factors of 161842.
2, 19, 4259
List the prime factors of 6076514.
2, 17, 10513
What are the prime factors of 12264398?
2, 71, 86369
List the prime factors of 1918955.
5, 383791
List the prime factors of 312589.
312589
What are the prime factors of 152222?
2, 7, 83, 131
List the prime factors of 21735910.
2, 5, 7, 6337
List the prime factors of 244673.
11, 13, 29, 59
What are the prime factors of 3415102?
2, 1707551
List the prime factors of 114542.
2, 57271
List the prime factors of 360893.
13, 17, 23, 71
What are the prime factors of 7732129?
7732129
List the prime factors of 1877801.
1877801
List the prime factors of 4446833.
1471, 3023
What are the prime factors of 5433?
3, 1811
List the prime factors of 6104568.
2, 3, 23, 11059
What are the prime factors of 2563973?
863, 2971
List the prime factors of 2748936.
2, 3, 47, 2437
What are the prime factors of 10588078?
2, 107, 49477
List the prime factors of 85928.
2, 23, 467
List the prime factors of 8718633.
3, 7, 11, 23, 547
List the prime factors of 58672.
2, 19, 193
List the prime factors of 8165461.
1597, 5113
What are the prime factors of 449263?
449263
List the prime factors of 1901341.
13, 23, 6359
List the prime factors of 238069.
13, 18313
List the prime factors of 81874.
2, 13, 47, 67
What are the prime factors of 93661?
229, 409
What are the prime factors of 1345196?
2, 97, 3467
What are the prime factors of 2335983?
3, 13, 89, 673
List the prime factors of 567179.
567179
List the prime factors of 597729.
3, 11, 59, 307
What are the prime factors of 3390854?
2, 17, 19, 29, 181
What are the prime factors of 1461169?
1461169
List the prime factors of 5658851.
11, 23, 22367
List the prime factors of 932943.
3, 11, 17, 1663
What are the prime factors of 18460131?
3, 109, 56453
List the prime factors of 565733.
7, 80819
What are the prime factors of 11466749?
7, 1638107
List the prime factors of 12223353.
3, 4074451
List the prime factors of 89645.
5, 17929
List the prime factors of 759594.
2, 3, 11, 17, 677
List the prime factors of 2225960.
2, 5, 11, 5059
List the prime factors of 358211.
7, 73, 701
List the prime factors of 1015460.
2, 5, 50773
What are the prime factors of 2276889?
3, 758963
List the prime factors of 4274339.
29, 147391
What are the prime factors of 18308670?
2, 3, 5, 610289
What are the prime factors of 1838153?
41, 107, 419
List the prime factors of 2845956.
2, 3, 237163
What are the prime factors of 27766?
2, 13883
What are the prime factors of 8156979?
3, 906331
What are the prime factors of 1994632?
2, 249329
What are the prime factors of 11848583?
337, 35159
What are the prime factors of 2059894?
2, 83, 12409
What are the prime factors of 960454?
2, 11, 149, 293
What are the prime factors of 6647753?
7, 37, 25667
What are the prime factors of 2544066?
2, 3, 7, 61, 331
What are the prime factors of 4821245?
5, 11, 13, 613
List the prime factors of 77296.
2, 4831
List the prime factors of 8118605.
5, 11, 17, 19, 457
List the prime factors of 429960.
2, 3, 5, 3583
What are the prime factors of 400981?
7, 57283
What are the prime factors of 23478837?
3, 23, 227, 1499
What are the prime factors of 18907052?
2, 19, 193, 1289
List the prime factors of 61787.
11, 41, 137
What are the prime factors of 5445994?
2, 919, 2963
What are the prime factors of 667998?
2, 3, 17, 37, 59
List the prime factors of 509195.
5, 101839
What are the prime factors of 7162567?
1823, 3929
What are the prime factors of 37451?
17, 2203
What are the prime factors of 446979?
3, 13, 73, 157
What are the prime factors of 1301130?
2, 3, 5, 61, 79
What are the prime factors of 24919?
24919
List the prime factors of 7364285.
5, 1472857
What are the prime factors of 9065166?
2, 3, 11, 19, 7229
What are the prime factors of 757351?
7, 108193
What are the prime factors of 18155491?
31, 61, 9601
What are the prime factors of 49352?
2, 31, 199
List the prime factors of 18489.
3, 6163
List the prime factors of 95719.
13, 37, 199
What are the prime factors of 1071946?
2, 535973
What are the prime factors of 388935?
3, 5, 43, 67
What are the prime factors of 82906?
2, 41453
List the prime factors of 2414113.
13, 233, 797
List the prime factors of 3301267.
3301267
What are the prime factors of 370148?
2, 37, 41, 61
List the prime factors of 4661150.
2, 5, 13, 71, 101
What are the prime factors of 6797592?
2, 3, 19, 4969
What are the prime factors of 248490?
2, 3, 5, 11, 251
List the prime factors of 17825715.
3, 5, 179, 2213
List the prime factors of 193179.
3, 7, 9199
List the prime factors of 665682.
2, 3, 110947
List the prime factors of 352622.
2, 157, 1123
What are the prime factors of 85486?
2, 42743
What are the prime factors of 17719409?
17719409
List the prime factors of 5958742.
2, 19, 233, 673
List the prime factors of 438299.
43, 10193
List the prime factors of 1615634.
2, 807817
What are the prime factors of 208918?
2, 104459
List the prime factors of 150622.
2, 127, 593
List the prime factors of 706161.
3, 401, 587
List the prime factors of 616892.
2, 19, 8117
What are the prime factors of 117866?
2, 7, 8419
List the prime factors of 41948.
2, 10487
What are the prime factors of 1060283?
7, 167, 907
List the prime factors of 885680.
2, 5, 11071
What are the prime factors of 436549?
436549
List the prime factors of 643615.
5, 7, 37, 71
What are the prime factors of 131051?
29, 4519
List the prime factors of 134312.
2, 103, 163
What are the prime factors of 10271596?
2, 367, 6997
What are the prime factors of 3482003?
7, 59, 8431
List the prime factors of 136726.
2, 137, 499
List the prime factors of 19524976.
2, 17, 23, 3121
List the prime factors of 285981.
3, 95327
What are the prime factors of 10306974?
2, 3, 1717829
List the prime factors of 11165017.
149, 74933
List the prime factors of 757109.
757109
What are the prime factors of 440109?
3, 79, 619
List the prime factors of 1050943.
569, 1847
List the prime factors of 655790.
2, 5, 65579
List the prime factors of 68093.
149, 457
What are the prime factor